t j = 171 - t. Does 23 divide j?
True
Let t = -3 + 13. Let p = -1 + t. Suppose -z + p - 2 = 0. Is z a multiple of 2?
False
Let k = 19 - 39. Let u be (8 + k)*1/(-4). Suppose -2*h + 10 = 2*l, 5*h = -u*l + l - 5. Does 6 divide l?
False
Let y = 670 - 326. Is 48 a factor of -3 - (20/4 - y)?
True
Let y = -29 + 41. Suppose -22 = -2*k - y. Suppose -5*l = o - 51, 0 = -k*o + 2*l + 11 + 109. Is o a multiple of 19?
False
Let m be -2 + 1 + (-1 - 3) + 227. Suppose -q + m = 69. Does 9 divide q?
True
Let r = -442 - -306. Let a = -226 - r. Let w = -34 - a. Does 14 divide w?
True
Suppose 9282 = -24*y + 37*y. Does 7 divide y?
True
Let t be 988/(-18) - (-12)/(-108). Let i = 84 + t. Is i even?
False
Does 6 divide 2 + 7/7 + 93?
True
Let d(y) = -y**3 - 8*y**2 - 12*y - 19. Let i be 700/(-90) - (-4)/(-18). Does 13 divide d(i)?
False
Let u(a) = -a**3 - 39*a**2 - 44*a - 8. Does 19 divide u(-38)?
False
Suppose 5*y = 4*y + 40. Let s = y - 23. Is 17 a factor of (-1314)/(-14) - s/(-119)?
False
Suppose 4*i + 5*s = 1552, -754 = -2*i - 3*s + 6*s. Is i a multiple of 33?
False
Let d(u) = -u**2 - 10*u + 1. Let p(z) = z**2 + 9*z - 1. Let m(g) = -3*d(g) - 4*p(g). Let n be m(-6). Suppose 0 = b - 5 - n. Does 2 divide b?
True
Suppose -55 = -d + 56. Does 21 divide d?
False
Let c = 506 - 282. Does 14 divide c?
True
Let b = 1378 + -790. Does 65 divide b?
False
Let m = -76 - -128. Suppose 3*s - 94 = -c - 4*c, m = 3*c + 4*s. Does 2 divide c?
True
Suppose -4*m + 2*h = h - 631, 3*m = -5*h + 456. Suppose -m = 5*w + 68. Is (-1557)/w - 4/(-10) a multiple of 11?
False
Suppose 13*v - 15552 = -14*v. Is 18 a factor of v?
True
Let m be 2/(-7) - 8901/(-63). Let f = 290 - m. Is 9 a factor of f?
False
Suppose 2*y - 10*y + 104 = 0. Suppose -y*z - 144 = -17*z. Is 9 a factor of z?
True
Suppose j - 2*z = 61, -2*z + 30 = 3*j - 161. Is j a multiple of 2?
False
Suppose -q + 159 = -b, 2*q + 3*b - 255 = 78. Suppose -q = 3*j - 9*j. Does 3 divide j?
True
Suppose -5393 = -26*t + 7711. Does 18 divide t?
True
Suppose -36*p + 41*p - 80 = 0. Suppose -2*h = -0*h - p. Is 2 a factor of h?
True
Let k be (-10)/(-8) + (-12)/(-16) + -3. Is (k + 3 + -1)*(3 - -7) a multiple of 5?
True
Let i(n) = -n**3 - 9*n**2 - 8*n + 5. Let q be i(-8). Suppose a = -a + q*m + 126, -4*a + 240 = -4*m. Suppose 3*h - h - a = 0. Does 20 divide h?
False
Let l = -28 - -860. Is l a multiple of 64?
True
Suppose -27 = -3*o - 177. Let f = -35 - o. Does 5 divide f?
True
Is (-3742)/(-13) - ((-300)/(-78) + -4) a multiple of 3?
True
Is 274/4*(32 + -16) a multiple of 19?
False
Suppose -1 = 4*u - 13. Suppose -2*l - 3*p + 4*p + 89 = 0, -p = u*l - 121. Suppose 5*i - l = 2*i. Does 14 divide i?
True
Suppose 68 = 6*z + 80. Let i be (-1)/(-2)*(-20)/(-2). Let c = i - z. Is c a multiple of 7?
True
Let j(g) = -g**2 - 18*g - 7. Let q = 13 - 24. Is j(q) a multiple of 14?
True
Let o = -17 + 11. Let i(m) = -4*m - 5*m - 8 - 5. Does 12 divide i(o)?
False
Let x(h) = -11*h**3 + 11*h**2 + 11*h - 177. Let m(r) = 5*r**3 - 5*r**2 - 5*r + 89. Let f(t) = 13*m(t) + 6*x(t). Is f(0) a multiple of 20?
False
Let s = -33 - -9. Let t = s + 31. Is t a multiple of 7?
True
Let i be -2 + (-6)/(-3) + 3. Let c(q) = -5*q**3 - 2*q**2 + q + 3. Let j(g) = -4*g**3 - 2*g**2 + g + 2. Let d(x) = -5*c(x) + 6*j(x). Is 3 a factor of d(i)?
True
Let u = 102 + -53. Suppose 2*k + 44 = 4*p, 4*k - 5*k = 2*p + 10. Let v = u + k. Is 11 a factor of v?
True
Suppose 2*s = 3*p + 12, 4*s + 3*p + 4 = 2*p. Suppose 12*l - 6*l - 318 = s. Is l a multiple of 10?
False
Suppose 482 = 3*d + 3*a - 118, 3*d + 5*a - 610 = 0. Let w = d + -95. Is 28 a factor of w?
False
Let j(p) = -p**2 - p + 47. Let c = 61 + -61. Is j(c) a multiple of 47?
True
Suppose -2*z = -27 + 13. Suppose 2*t - 124 - z = 5*c, 2*t + 2*c = 166. Is 13 a factor of t?
True
Suppose -2*j - 6 = -n - 0, 4*n - 5*j = 9. Let y be 6/24*(-344)/(-2). Let h = y + n. Is h a multiple of 13?
True
Let v(c) = c**3 - 45*c**2 - c + 104. Is v(45) a multiple of 4?
False
Let m = 57 + -41. Let p(f) = f**2 + 30 + f - m - 13*f. Is p(13) a multiple of 9?
True
Let p(m) = 69*m**2 - 336*m + 6. Does 2 divide p(5)?
False
Suppose -4*z - 45 + 21 = 0. Let b(j) = -j**3 - 6*j**2 + 2. Let u be b(z). Is u*(-2)/8*-20 a multiple of 10?
True
Let k be 3 - -4*(-1)/2. Let p(l) be the third derivative of l**6/10 - l**4/24 + 8*l**2. Does 11 divide p(k)?
True
Let f(p) = p**3 - 10*p**2 + 8*p + 13. Let l = -21 - -30. Let d be f(l). Is 5 a factor of (d/16)/(1/52)?
False
Let u(x) = x**2 - 12*x - 82. Is 7 a factor of u(25)?
False
Let o(f) = f**3 - 13*f**2 - 25*f + 9. Let s be o(15). Let i = s + -80. Is 3 a factor of i?
False
Let z(j) = -6*j + 41. Let p be z(17). Let g = p + 96. Does 5 divide g?
True
Let i(x) = 4*x**2 + 14*x - 48. Is 40 a factor of i(8)?
True
Suppose 2*m - 6*g + 7 = -g, 5*m - 4*g = 25. Let r(q) = q - 5. Let p be r(m). Suppose 35 = u - 5*s - 17, 0 = 2*u - p*s - 74. Is u a multiple of 27?
True
Let d = -390 + 171. Let s = 399 + d. Is 45 a factor of s?
True
Let b = 46 + -78. Let d = b + 64. Is d a multiple of 8?
True
Let r = 1699 + -989. Does 6 divide r?
False
Let s(r) = -14*r + 568. Is s(20) a multiple of 16?
True
Let z(g) = 109*g - 191. Does 17 divide z(21)?
False
Let a be 16 + -18 + (2 + -1 - -1). Suppose -3*o + 3*g + 61 = -o, -o + 3*g + 26 = a. Is o a multiple of 19?
False
Let c(u) = 3*u**2 + u. Let t be c(-1). Suppose t*a - 352 = -5*s, s = 4*a - 3*s - 648. Is a a multiple of 24?
False
Let v = 1882 + -1649. Is v a multiple of 22?
False
Suppose 13 = 5*m - 4*i - 28, 0 = -3*m - i + 11. Suppose 25 + m = -5*n. Let w = 12 + n. Is w a multiple of 3?
True
Let h(k) = k**3 - 12*k**2 - 6*k + 9. Let p be h(12). Let x = 135 + p. Is x a multiple of 24?
True
Let n = 23 + -17. Let o(k) = -k**3 + 7*k**2 + 8*k - 8. Is o(n) a multiple of 18?
False
Let p be (-1360)/(-56) + 2/(-7). Let h = p + -20. Suppose t - 14 = -h. Is 10 a factor of t?
True
Let s(x) = x**3 - 6*x**2 - 3*x + 4. Let a be s(7). Let k be ((-6)/4)/(12/a). Let p(v) = -v + 2. Is p(k) a multiple of 6?
True
Suppose -2*k + 4*u = -376, -3*k + 2*u = -387 - 197. Is 53 a factor of k?
False
Suppose -4*n - n + 20 = 0. Suppose -3*w + 92 = 2*s, 7*s + n*w = 2*s + 216. Does 23 divide s?
False
Let d = -67 + 95. Does 15 divide -3 + 74 + d/7?
True
Let l be (6 - (-5)/1)*8/1. Let y = -79 - -52. Let z = l + y. Is z a multiple of 28?
False
Let v be 3 - (-3 - (-6)/2). Let x(f) = v*f**2 + 0 - 2*f**2 - 2*f + 7 - 2. Does 5 divide x(-4)?
False
Let t = 92 - -1104. Is t a multiple of 23?
True
Suppose -2*m - 2*q = 28, -3*m = 4*q + 36 + 10. Let v be 1856/20 + (-2)/m. Let k = v - 56. Is 22 a factor of k?
False
Let g = -15 + 52. Let l = -25 + g. Is 6 a factor of l?
True
Suppose 0 = 5*d - 63 - 67. Suppose -h + d = 3*f - f, -4*h - 4*f + 100 = 0. Does 8 divide h?
True
Let u(c) = 15*c**2 - 6*c + 7. Is 67 a factor of u(8)?
False
Let q be 46/8*(71 + -7). Let d = q + -166. Is d a multiple of 12?
False
Suppose 2*p + 0*p - 550 = 5*u, 0 = -3*p - 5*u + 850. Is 7 a factor of p?
True
Let z(h) = -2*h - 3. Let u be z(-5). Let r = 10 - u. Suppose 4*t + 0*t = -3*s + 28, -r*t - s = -26. Is t a multiple of 8?
False
Suppose 0*t = 2*b - 3*t + 1, -3*b = 3*t - 21. Suppose -4*f - f = b*w - 43, -3*w - 4*f = -32. Suppose -u + w = -11. Does 23 divide u?
True
Let h(v) = -v**3 + 3*v**2 + v + 1. Let n be h(3). Is -3*n/(-6) + 15 a multiple of 5?
False
Let o(c) = c**2 + 3*c + 5. Let m be o(-4). Suppose 2*i - i = m. Does 19 divide (i + 1)*(-34)/(-5)?
False
Suppose -736 - 4 = 4*f - 4*j, f + 209 = -5*j. Let o = 280 + f. Is o a multiple of 10?
False
Suppose -9*v = -14*v + 245. Is 7 a factor of v?
True
Suppose y + 3*y = 20. Suppose 3*l + 4 = y*l. Suppose -3*k = -l*d + 40, 5*d - 4*k = -2*k + 100. Does 7 divide d?
False
Let b be (2/8)/((-1)/(-12)). Suppose 0 = 3*r - b*k - 57, -r + 2*k = -2*r + 16. Does 18 divide r?
True
Let r = -1 - -2. Suppose 0 = 2*t - r - 41. Does 4 divide t?
False
Let p(j) = -j**3 + 11*j**2 - 12 - 10*j + 1 + 0*j**3. Let h be p(10). Let m = h - -31. Does 10 divide m?
True
Suppose -5*q - 2*m + 12311 = 0, -m - 9841 = -6*q + 2*q. Does 107 divide q?
True
Let g(f) = 3*f + 5. Let w be (-3)/15 - (-126)/30. Is 6 a factor of g(w)?
False
Let k(o) = 4*o**3 - o**2 + 1. Let v be k(1). Suppose 3*g - 3*z - 27 = -0*z, 0 = -5*g - v*z + 36. Let r(b) = 2*b. Is r(g) a multiple of 8?
True
Is (-12)/(45/(-390) - (0 - 0)) a m